s the remainder when g is divided by (-27)/(2/((-4)/3))?
14
Suppose -388*u + 99543 = u - 229551. What is the remainder when 2557 is divided by u?
19
Suppose 4*t + 30*t = 136. Calculate the remainder when 218 is divided by ((-9373)/(-52))/7 - 3/t.
18
Let q = 22 + -14. Let k(r) = -2 - r**2 - 6 - 17*r - 14 + 4. Calculate the remainder when k(-15) is divided by q.
4
Let d = -78 + 96. Suppose -d*q = -13*q + 70. What is the remainder when 4/q - -387*4/28 is divided by 20?
15
Suppose 7*g - 8*g = -28. Suppose -144 = -g*x + 16*x. What is the remainder when 202 is divided by x?
10
Let m = 42 + -46. Let n be (118/m)/(-3 + (-14)/(-4)). Let o = n + 76. Calculate the remainder when 84 is divided by o.
16
Suppose 448*a - 1577 = 1170 + 3077. Calculate the remainder when (-2)/(-4) + (-305)/(-2) is divided by a.
10
Let t = 3462 - 2875. What is the remainder when t is divided by 331?
256
Suppose -4*n + 9*n + 10 = 0. What is the remainder when (-5 - 253)/n + -4 is divided by 16?
13
Let z(f) = -f**2 + 3*f**2 - 25*f + 6*f - 19 - 3*f**2. Suppose 455 = 4*q - 117. What is the remainder when q is divided by z(-16)?
27
Calculate the remainder when 230 is divided by (-206)/515 + 577/5.
0
Let y(c) = 2*c**2 + 4*c - 6. Suppose -88 = -3*w - 85. What is the remainder when y(-6) is divided by 160/48*(w - (-26)/10)?
6
Let w = -4742 - -7299. Calculate the remainder when w is divided by 42.
37
Suppose 34*x + 1029 = 1879. Let a(v) = -v**3 - 5*v**2 - 4*v + 7. What is the remainder when a(-6) is divided by x?
17
Let b be 110/165 + 176/6. Let m(n) = n**2 + n - 6. Let q be m(6). Let x = b + q. What is the remainder when x is divided by 34?
32
Suppose 0 = 3*f + 2*s - 5, -11 = -7*f + 6*f + 4*s. Suppose 0 = l + a - 203, 4*l - 797 = -4*a + f*a. What is the remainder when l is divided by 50?
48
Let h be 16/(-24) - (2 - (-123)/(-9)). Suppose 3*i - 35 = -h. Calculate the remainder when 230 is divided by i.
6
Let c = 1209 - 847. Suppose 367*y = c*y + 1345. Calculate the remainder when y is divided by 69.
62
Let r(n) = 2*n**2 + 3*n + 4. Suppose -97*g - 90 = -107*g. Calculate the remainder when ((-1)/g)/(8/(-3096)) is divided by r(-4).
19
Let g = 375 + -197. Let f(c) = -14*c - 92. What is the remainder when g is divided by f(-8)?
18
Let d = 114 - -43. Suppose 152*g + 230 = d*g. What is the remainder when g is divided by 17?
12
Suppose -5*q + 265 = 5*v, 0 = 2*v + 51 - 49. Calculate the remainder when 2055 is divided by q.
3
Suppose 189*f - 3102 = -93*f - 0*f. Calculate the remainder when 4497 is divided by f.
9
Suppose 88 = -4*g + 276. Let i(x) = x**2 - 22*x - 1. Let w be i(0). Let s(j) = -8*j**3 - 4*j - 4. Calculate the remainder when g is divided by s(w).
7
Let m = -881 - -894. Let y(q) = 13*q - 151. What is the remainder when 32 is divided by y(m)?
14
What is the remainder when 4/(-78) + 640721/2847 is divided by 27?
9
Let k(t) = t**3 + 3*t**2 - 5*t - 2. Let g(m) = 2*m**2 - 13*m + 11. Suppose 17 = -7*j + 73. Calculate the remainder when g(j) is divided by k(-3).
9
Let n(b) = -5*b + 220. What is the remainder when 20207 is divided by n(1)?
212
Let i(r) be the first derivative of 4*r**3/3 + 4*r**2 - 10*r - 9. What is the remainder when i(4) is divided by 19?
10
Suppose -31*o + 4596 + 4476 = -7978. What is the remainder when o is divided by 176?
22
Let k be (-5 + 2 - 56)*-2. Suppose -f - k = -v, -v + 197 = -4*f + 67. What is the remainder when (v/4)/(6/12) is divided by 21?
15
Let u = 4823 - 4771. What is the remainder when 357 is divided by u?
45
Let r(h) = -22*h**2 - 334*h - 1165. Calculate the remainder when (-1 - (-142)/(-8))*-4 is divided by r(-6).
28
What is the remainder when 486 is divided by 0 + 25 - ((-242)/(-11) + -17)?
6
Let j = 7441 + -6220. What is the remainder when j is divided by 47?
46
Let c(t) = -t**3 + 9*t**2 + 6*t - 8. Suppose 0 = -2*m - 2*y + 364, -4*m - y + 906 = m. Calculate the remainder when m is divided by c(9).
43
Suppose f = i + 2*i + 26, -i + 42 = f. Calculate the remainder when 3568 is divided by f.
34
Let j = -327 - -436. Let s = j + -91. What is the remainder when 142 is divided by s?
16
Suppose 3*v + 122 = -s + 315, -270 = -4*v + 5*s. Suppose -d - 5 + v = 0. Calculate the remainder when d is divided by 34.
26
Suppose 4*n = 16*g - 19*g + 67, n - 8 = g. Calculate the remainder when 479 is divided by n.
11
Let a(q) = 9*q**2 + 1. Let p = -1069 - -1846. Suppose 6*c - 27*c + p = 0. Calculate the remainder when c is divided by a(-1).
7
Suppose 169 = 19*c - 116. Calculate the remainder when 239 is divided by c.
14
What is the remainder when 10880 is divided by (((-99)/11)/(-3))/((-2)/72*-4)?
26
Let q(o) be the second derivative of o**4/12 + o**3/6 - 6*o**2 + 21*o. Let m be (-8 + 3)*(3 + -2). What is the remainder when 22 is divided by q(m)?
6
Suppose -71*k - 429 = -3*t - 73*k, -2*t = -2*k - 276. What is the remainder when 12404 is divided by t?
137
What is the remainder when 7429 is divided by (4/3)/((-28)/(-189)) - -1847?
5
Let b = 1157 + -476. What is the remainder when b is divided by 66/3*(-3 - -4)?
21
Let t be (15 + -16)/(1/(-22)). Suppose -d = 5*i - t, d + 4 = 2*i - 2. Suppose -2*n + 3 = 5, -d*c + 27 = -n. Calculate the remainder when 22 is divided by c.
9
Suppose 24 = -2*w - 2*o, -9*o + 4*o - 20 = 0. Let l(k) = -k - 11. Let x be l(-17). What is the remainder when ((-1006)/(-8) - -2) + x/w is divided by 33?
28
Suppose -4*p = 3*s - 116, -4*p + 4*s - 592 + 736 = 0. What is the remainder when 5374 is divided by p?
30
Let m(h) = -36*h**3 - 33*h**2 - 121*h + 1. What is the remainder when m(-4) is divided by 28?
21
What is the remainder when 2326 is divided by ((-441)/84)/21*-24?
4
Suppose 0 = 5*c - 3*m - 25, -4*c + 2*m + 7 + 15 = 0. Let d(j) = j + 122. Calculate the remainder when d(c) is divided by 45.
40
Suppose -18944 = -16*m + 55568. What is the remainder when m is divided by 1163?
5
Let k(s) = s**3 - 7*s**2 - 6*s - 2. Let u be k(8). What is the remainder when 10 is divided by (-5 + 3)*(-21)/u?
1
Let q be (29 - 2) + 6 + -6. Suppose 4*w + 196 = 8*w. Let y = w - q. What is the remainder when 43 is divided by y?
21
Let w = 331 + -302. Suppose -3*o - 2*x = -w, 4*o - 30 = -x + 7. What is the remainder when 13 is divided by o?
4
Let g be 4*7/42*9. Suppose g*r - 6 = 72. What is the remainder when r is divided by (1 - 2)/((-1)/4)?
1
Suppose -3*c + 45 - 32 = 2*t, -5*t + 61 = -2*c. Calculate the remainder when 1294 is divided by t.
7
Suppose -1575*n - 406 = -1589*n. What is the remainder when 88 is divided by n?
1
Let d(i) = -15*i + 257. Let z(v) = v**3 - 8*v**2 + 8*v - 2. Calculate the remainder when d(16) is divided by z(7).
2
Suppose 2*z = -b + 49, -5*z + 3*b - 15 + 143 = 0. Suppose 2*w = -8, -i + 6*w + z = 5*w. Calculate the remainder when 41 is divided by i.
20
Suppose 0 = -3*m + 52 - 220. Let a be (-1416)/m + (-6)/21. Suppose 0 = u + c - a, 3*u + 5*c = 4*u - 7. Calculate the remainder when 64 is divided by u.
20
Suppose -16*s + 7604 = 1748. Calculate the remainder when s is divided by 92.
90
Suppose -35 = -5*a + 2*h - 2, -2*h = -2*a + 18. Suppose -3*u + 178 = 2*t, -a*t + 27 + 54 = u. What is the remainder when u is divided by 40?
16
Let o = 142 + -99. What is the remainder when o is divided by (-1 - (-28)/2) + ((-193050)/110)/(-135)?
17
Let g be (-4 + -3)/((-1)/3). Suppose -5*f = -8*f + g. Suppose -3*p + 133 = 16*p. Calculate the remainder when p is divided by f.
0
Let o = 2903 - 2889. What is the remainder when 307 is divided by o?
13
Suppose -19*u + 491 + 478 = 0. Suppose 3*k - u = -z, 0 = 3*z - 5*k + 11 - 94. Calculate the remainder when z is divided by 23.
13
Suppose 4*o - 9*o = 10, -5*l + 2*o + 8699 = 0. What is the remainder when l is divided by 29?
28
Suppose -f - 1 + 2 = 2*v, -3*v + 19 = -2*f. Suppose -5*p + v*p + 38 = 0. Let a(k) = 151*k**2 - 3*k + 2. Calculate the remainder when a(1) is divided by p.
17
Suppose -2*b + 140 = -162. Suppose b = 3*i - 56. Let f = i - 35. Calculate the remainder when 101 is divided by f.
33
Calculate the remainder when -78 + 65 - (-250 - -2) is divided by 35.
25
Let b be ((4/(-12)*0)/1)/1. Suppose b = -3*f - 5*u - 61, f + 5*u = -1 - 6. Calculate the remainder when 74 is divided by f/45 + (-98)/(-5).
17
Calculate the remainder when 616 is divided by (-2103)/(-21) + 80/(-560).
16
Suppose 176 = 10*t - 12*t. Let f = -33 - t. Calc